atest common divisor of 60 and 103792308.
12
What is the highest common divisor of 4471964 and 1239?
413
Calculate the highest common divisor of 4576248 and 1332.
36
What is the greatest common divisor of 43239 and 460761?
21
What is the greatest common divisor of 4408496 and 432?
16
Calculate the greatest common divisor of 140504598 and 702.
702
Calculate the greatest common factor of 75973 and 655877.
697
What is the greatest common factor of 660197660 and 1480?
740
Calculate the greatest common factor of 478 and 151570932.
478
Calculate the greatest common divisor of 3057 and 2477189.
1019
Calculate the highest common factor of 1172080 and 1668.
4
What is the greatest common factor of 72046 and 44799898?
4238
Calculate the highest common divisor of 252906 and 542229.
183
What is the highest common divisor of 17812 and 598654?
122
Calculate the greatest common divisor of 3196375 and 475.
25
What is the greatest common divisor of 87061 and 1855217?
481
What is the greatest common factor of 611955 and 60?
15
What is the highest common divisor of 842056238 and 87?
29
What is the greatest common factor of 3064 and 506073220?
1532
What is the highest common factor of 13420 and 3178405?
305
What is the highest common divisor of 1224 and 4736200?
136
Calculate the highest common divisor of 14127981 and 36057.
2121
What is the greatest common factor of 41385113 and 328?
41
What is the highest common divisor of 5150568 and 72?
24
What is the greatest common divisor of 169145 and 250?
5
What is the highest common divisor of 1168136 and 7248?
1208
Calculate the highest common factor of 697 and 16561417.
697
What is the highest common divisor of 8441012 and 10293?
47
Calculate the greatest common divisor of 36339894 and 9234.
1026
What is the greatest common factor of 1132514 and 608?
38
What is the highest common factor of 19768157 and 1?
1
Calculate the highest common divisor of 2475 and 5787100.
275
Calculate the greatest common divisor of 126709 and 4939.
11
What is the greatest common divisor of 6 and 270422?
2
Calculate the greatest common divisor of 56 and 135642728.
8
What is the highest common divisor of 56112 and 36540?
84
What is the greatest common divisor of 1134410 and 680?
170
Calculate the greatest common divisor of 828 and 1467492.
276
Calculate the greatest common divisor of 9111706 and 209626.
562
What is the highest common factor of 72415 and 1295?
35
Calculate the greatest common divisor of 37119830 and 770.
110
What is the greatest common divisor of 15390035 and 115?
5
What is the greatest common divisor of 428519 and 149303?
1939
Calculate the greatest common divisor of 870 and 202746.
6
Calculate the greatest common factor of 1364304 and 36378.
258
Calculate the greatest common divisor of 2210 and 472560985.
1105
What is the greatest common divisor of 60471 and 19?
1
What is the greatest common divisor of 64594704 and 192?
48
Calculate the highest common divisor of 310607 and 250811.
1661
Calculate the greatest common divisor of 76589579 and 473.
473
What is the highest common factor of 549618 and 26?
2
What is the greatest common factor of 37024 and 311909?
13
What is the greatest common divisor of 153159 and 3364124?
2687
Calculate the greatest common divisor of 238661 and 41246.
41
Calculate the greatest common factor of 3323310 and 180.
30
Calculate the highest common divisor of 2098690633 and 13.
13
What is the greatest common divisor of 392 and 42744968?
56
What is the greatest common factor of 14734139 and 399?
133
Calculate the highest common factor of 195 and 349175047.
13
Calculate the greatest common factor of 21 and 36622152.
21
What is the highest common divisor of 40880775 and 3450?
1725
Calculate the highest common divisor of 36855 and 16803.
9
What is the greatest common factor of 43186 and 6192208?
3322
Calculate the greatest common divisor of 36823595 and 2410.
1205
Calculate the highest common divisor of 9673 and 5972224.
569
What is the highest common divisor of 2357144 and 5969?
47
What is the highest common divisor of 1630 and 493890?
1630
What is the highest common divisor of 5549 and 451329?
31
What is the highest common divisor of 375 and 50878625?
125
Calculate the highest common divisor of 22 and 37723444.
22
What is the greatest common divisor of 166206966 and 68490?
4566
What is the greatest common divisor of 2667201 and 2353739?
1387
Calculate the greatest common factor of 33309 and 279.
9
Calculate the greatest common divisor of 537 and 44518911.
537
What is the greatest common divisor of 35802250 and 2350?
2350
What is the highest common factor of 47 and 322735840?
47
Calculate the greatest common divisor of 23142525 and 525.
525
What is the highest common divisor of 18338650 and 1650?
550
What is the highest common factor of 12553635 and 345?
15
Calculate the greatest common factor of 5676 and 8084172.
516
Calculate the highest common factor of 889 and 22838791.
127
What is the greatest common factor of 106990 and 103090?
130
What is the greatest common factor of 1048869 and 7319?
563
Calculate the greatest common factor of 24416274 and 402.
402
What is the highest common divisor of 4302116 and 162604?
2756
Calculate the highest common factor of 2193 and 8867761.
731
Calculate the greatest common divisor of 143 and 7151456.
13
What is the greatest common factor of 53805929 and 27056?
1691
What is the greatest common divisor of 231 and 3080693?
77
Calculate the greatest common divisor of 6084 and 640224.
468
Calculate the greatest common factor of 29163810 and 6630.
390
Calculate the greatest common divisor of 855603 and 731865.
1509
What is the greatest common factor of 50489 and 58?
29
What is the highest common factor of 5175 and 116955?
1035
Calculate the highest common factor of 825 and 1586365.
55
What is the highest common divisor of 13768 and 220568?
8
What is the greatest common divisor of 126854 and 214188?
26
Calculate the greatest common divisor of 1833 and 20318100.
141
What is the highest common divisor of 399812 and 3799?
131
Calculate the highest common divisor of 21689 and 3348593.
943
What is the highest common factor of 255966655 and 1610?
805
What is the greatest common divisor of 29 and 19874077?
29
What is the highest common divisor of 2982055 and 85?
85
What is the highest common factor of 483 and 3235755?
69
Calculate the greatest common factor of 6706807 and 524.
131
What is the greatest common factor of 69701 and 94912?
1483
What is the highest common divisor of 19156683 and 282?
141
Calculate the highest common divisor of 2710 and 61439765.
1355
What is the greatest common factor of 645633990 and 10?
10
Calculate the highest common divisor of 1771 and 10019812.
253
What is the highest common divisor of 613395 and 170280?
1935
What is the greatest common divisor of 3758905 and 121830?
155
What is the greatest common divisor of 180075 and 6405?
105
Calculate the highest common factor of 20821536 and 24930.
4986
What is the greatest common factor of 2666554 and 1830?
122
What is the highest common divisor of 41 and 465411418?
41
What is the greatest common divisor of 129285 and 340821?
117
Calculate the greatest common factor of 328195615 and 385.
55
Calculate the greatest common factor of 632 and 480992.
8
Calculate the highest common factor of 394420905 and 12834.
6417
What is the highest common factor of 22014944 and 2088?
232
What is the highest common factor of 22830823 and 4198?
2099
Calculate the highest common factor of 65 and 1270341995.
65
Calculate the greatest common divisor of 60 and 3759260.
20
Calculate the highest common factor of 1230 and 12953745.
615
Calculate the highest common factor of 29939 and 1875783.
91
What is the greatest common divisor of 1169520 and 517440?
2640
What is the greatest common divisor of 106 and 1105421318?
106
What is the highest common divisor of 17 and 1518809291?
17
Calculate the greatest common factor of 208669904 and 1272.
424
Calculate the highest common factor of 183465 and 13365.
1215
Calculate the highest common factor of 10261638 and 576.
18
What is the highest common divisor of 8191043 and 17178?
2863
What is the greatest common factor of 6519 and 7040274?
123
What is the highest common divisor of 284140 and 30?
10
